= 2*v**2 + 16*v - 21. Let r(a) be the first derivative of a**3/3 + 4*a**2 - 10*a + 3. Let f(y) = 4*b(y) - 9*r(y). What is the units digit of f(-8)?
6
Let l be 1 - (-3)/9*-3. Suppose -5 = 5*c - l. What is the units digit of (-119)/(-28) - c/(-4)?
4
Let c(w) = 51*w**2 - 3*w + 2. Let u(m) = 25*m**2 - 2*m + 1. Let y(h) = 3*c(h) - 5*u(h). What is the tens digit of y(-1)?
2
Let o = 4 + 2. Let l be o/27 - 4/18. Suppose l = -3*j + 14 + 4. What is the units digit of j?
6
What is the units digit of ((-9)/4)/(7 - (-730)/(-104))?
7
Suppose -6*z + 4*z = 4*h - 70, -3*h = z - 53. Let i be ((-8)/(-16))/((-2)/8). Let q = i + h. What is the tens digit of q?
1
Suppose -l - 2 = -1. Let g(m) = 4. Let q(i) = -i + 1. Let a(x) = l*g(x) + 3*q(x). What is the units digit of a(-1)?
2
Let f be -8 - 1 - (-2)/(-2). What is the units digit of 20/f + 22 + 1?
1
What is the tens digit of (19 - 1)*40/30?
2
Suppose 2*i - 3*i + 5 = 0. Suppose 5*n + 0*n = 0. Suppose -i*a = -5*t + 4*t + 15, n = a + 2. What is the units digit of t?
5
Let q be ((-8)/6)/((-4)/114). Suppose 34 = 3*c - q. What is the tens digit of c?
2
Let z(k) be the third derivative of -k**6/120 - k**5/20 + k**4/12 + k**3 + 7*k**2. What is the tens digit of z(-4)?
1
Suppose 4*k - k = -5*s + 49, -k - 3*s = -11. What is the units digit of k?
3
Suppose 5*b + 10*z = 5*z + 405, 0 = -4*b - 2*z + 322. Suppose -b = -s - 3*s. What is the units digit of s?
0
Let w be 2 - 2 - 2/(-1). Let d(a) = a. Let m be d(w). Suppose -3*q = -m - 1. What is the units digit of q?
1
Suppose 0*j + 20 = 5*j. Suppose -j*o = 2*c - 4, o - 2*c - 4 = -3. What is the units digit of o?
1
Let i(c) = -c**3 - 12*c**2 - 3*c + 4. What is the tens digit of i(-12)?
4
Let w(o) = 4*o**2 + o - 15. What is the hundreds digit of w(7)?
1
Let d(o) = -2*o**2 + 7*o - 7. Let x be d(5). Let y = -15 - x. What is the units digit of y?
7
Let k(a) = 122*a**2 - a + 2. What is the tens digit of k(1)?
2
Suppose -5*l - 6 = -16. Suppose -3 + 9 = -l*v. Let n = 5 + v. What is the units digit of n?
2
Let t(m) = -m**3 - 5*m**2 - 6*m - 6. Suppose 2*y - 24 = -5*u + 2*u, -3*y + 31 = 4*u. Let z = 6 - u. What is the units digit of t(z)?
2
Let u(c) be the third derivative of c**4/24 - c**3 + c**2. Let t be u(7). Let z = t + 2. What is the units digit of z?
3
Let g(m) = 2*m - 9. Suppose 0 = -4*p - 0 + 32. Let d be g(p). What is the units digit of (-6)/(-15)*(d - 2)?
2
Suppose -24 = 8*z - 168. What is the tens digit of z?
1
Suppose -v - 5*q = -24, 5*v - 3*q = 2*v - 18. What is the units digit of (2/(-6))/(v/3)?
1
Suppose -56 - 64 = -5*m. What is the units digit of m?
4
Let y = 19 - -7. What is the tens digit of y?
2
Let v(d) = d**2 + 2*d - 8. Let g be (-3)/(-6)*6 + -9. What is the units digit of v(g)?
6
Let d be (-1 - 3 - -2) + 4. Suppose 25 = 5*z - w, 6*z - 11 = 2*z - w. Suppose 3*g = z*x - 0*x + 11, -d*g + x + 14 = 0. What is the units digit of g?
9
Suppose 2*f - 154 = 16. Suppose 0*p = 2*p + 4*c - 34, -5*p + c + f = 0. What is the tens digit of p?
1
Suppose -3*h + 1 = -5. Suppose -5 = -5*a, 5*u - 3*a - h*a - 265 = 0. What is the units digit of u?
4
Let i be (-24)/(-15) - (-6)/15. Let h = -2 + i. Suppose h = 4*a + 2 - 22. What is the units digit of a?
5
Let c be 34/10 - 2/5. Suppose -t + 9 = -c*s, -4*s - 2 = 5*t - 9. What is the units digit of t?
3
Suppose -2*b - 3*n = 7, -4*b + 2 - 4 = 2*n. What is the units digit of b + -4 + 35 + 2?
4
Suppose a - 920 = -4*a. What is the tens digit of (a/12)/((-4)/(-6))?
2
Let l(b) be the first derivative of -b**3/3 - 3*b**2/2 - b + 2. Let j be l(-2). Suppose -3*i - 17 = -4*u, 2*u = 4*i - i + j. What is the units digit of u?
8
Suppose m + h - 30 = 0, 5*m = -h + 6*h + 170. What is the tens digit of m?
3
What is the tens digit of 41 + -2 - 0 - 3?
3
Let t be (-5)/(-15) + 4/6. What is the units digit of (t + (3 - 5))/(-1)?
1
Let i(y) = y + 16. Let j be i(0). Suppose 15*w + 24 = j*w. What is the units digit of w?
4
Suppose -41*h - 68 = -42*h. What is the tens digit of h?
6
Let d be -5 + 6 + 2 + 2. Suppose -d*y + 3*y + 16 = 0. What is the units digit of y?
8
Suppose -4*v - 2 - 22 = 0. Let r be (-17 - 1)*3/v. Let g = -6 + r. What is the units digit of g?
3
What is the tens digit of (-148)/(-6) - (-2)/(-3)?
2
Let w(k) be the third derivative of k**6/120 + k**5/15 - k**4/4 - k**3/2 - 4*k**2. Let b be w(-5). What is the units digit of 302/18 + b/9?
7
Let m be (1/(-3))/((-5)/510). Suppose -m = -3*j - 5*u, -j + 0*u + 23 = 4*u. Suppose 3 = j*k - 3*r - 9, r + 6 = 3*k. What is the units digit of k?
1
Let p = 26 + -18. Let v(n) = n - 1. Let z be v(-3). Let f = z + p. What is the units digit of f?
4
What is the tens digit of 3/(-2)*(-5340)/45?
7
Let u(d) = 2*d**2 - 6*d. Let k be u(4). What is the units digit of (-344)/(-32) + 2/k?
1
Let u = -12 + 20. Let k = 16 - u. What is the units digit of k?
8
Let g(d) = d + 2 - 4 + 1 + 5*d. Let y be g(-3). Let u = 28 + y. What is the units digit of u?
9
Suppose 0 = 3*q + 3*c - 165, 95 = -0*q + 2*q - c. What is the units digit of q?
0
Let a be -4*-2*15/24. Suppose -13 = -p - 4*k - k, a*p - k = 13. Suppose 0 = p*q + 6 - 30. What is the units digit of q?
8
What is the units digit of -1 - -5 - (-70 - 1)?
5
Let t be (-10)/3*18/(-15). Suppose 4*v + 1 = -3*b - t, -25 = 4*v - b. Let m = v + 7. What is the units digit of m?
2
What is the units digit of 1632/28 - 2/7?
8
What is the tens digit of (-4)/32*-250 - 6/(-8)?
3
Suppose 2*a = 2, -5*y - 8*a - 5 = -3*a. Let c = y - -5. What is the units digit of (0 + c/3)*2?
2
Suppose 5*l = 4*c + c - 55, c - 14 = -2*l. What is the units digit of c?
2
Let f(a) = a + 12. Let o(k) = -k - 9. Let m be o(-4). What is the units digit of f(m)?
7
Let p(o) = -3*o**3 - 2*o**2 + 5*o + 2. Let q be p(-3). Suppose 4*m - 98 = q. What is the tens digit of m?
3
What is the units digit of 20 + 3 - 1*(-1)/(-1)?
2
What is the units digit of (-8)/(-3)*60/4?
0
Let n(y) = 2*y. Let g be ((-8)/(-6))/(12/18). Let o be g/(-1 + 1 + 2). What is the units digit of n(o)?
2
Let m = -59 - -92. What is the tens digit of m?
3
Let m(t) = -t**2 + 7*t + 9. Let x be m(7). Let y = x - 12. What is the units digit of (-1 - y - -6)*1?
8
Let y be 176/(-28) + (-2)/(-7). Let x(h) = h**2 + 14*h + 5. Let u be x(y). Let t = -31 - u. What is the tens digit of t?
1
Suppose 0 = 2*u - 10, -2*u = 5*w - 0*u - 15. Let l(q) = -w + q**3 - q**2 + 4 + 4*q**2. What is the units digit of l(-3)?
3
Let c(r) = 7*r**3 - 2*r**2 + 2*r - 2. Let l be c(2). Let u = l + -25. What is the units digit of u?
5
Let i = -36 + 96. Suppose -31*w + i = -29*w. What is the tens digit of w?
3
Suppose 3*k + 69 = 3*x, 0*x - 5*k - 52 = -2*x. What is the tens digit of x?
2
Let u(c) = 10*c**2 - 6*c - 4. What is the tens digit of u(4)?
3
Let o = -6 + 10. Suppose -o*w + 3*a + 44 = -a, 5*w + a = 37. What is the units digit of w?
8
Suppose -o + d - 5 = 0, o + 4*d = d - 25. Let v = o + -8. Let l = 28 + v. What is the units digit of l?
0
Suppose -3*z + 0*z + 253 = -2*f, -4*z + 3*f + 339 = 0. Suppose -5*q + 2*y + z = 0, 0*y = 2*q + 5*y - 15. Let g = -11 + q. What is the units digit of g?
4
Let z = -4 - -2. Let d be (z + 3)*8/(-1). Let u = d + 11. What is the units digit of u?
3
Let r be (0/1)/((-1)/1). Suppose 2*s - 3 - 1 = r. What is the units digit of s?
2
Let f(x) = x**3 - 4*x**2 - 8*x + 7. Let t be f(6). Let y = 59 - t. What is the tens digit of y?
2
Suppose -j - 245 = 4*j. What is the tens digit of (5 + j)/(-2 - 0)?
2
Let q(b) be the first derivative of -b**2 - 7*b + 3. Let z be q(-8). What is the units digit of (z/6)/((-6)/(-32))?
8
Suppose 3*n + 2*y - 646 = 0, 5*n - 1482 = 2*y - 400. What is the units digit of n?
6
Suppose -5*g = -4 - 1. Let a(v) = v**2 + 2*v - 2. Let y be a(-3). What is the units digit of y*(5 - (2 - g))?
4
Suppose 3*w - 1 - 5 = 0. Suppose -t - z = 4*t - 125, 72 = w*t - 4*z. What is the units digit of t?
6
Let l = 33 - 23. Let c(r) = 4*r**3 - 2*r + 1. Let w be c(1). Suppose -w*s + 10 = 5*b, 3*b + 3*s - 2*s = l. What is the units digit of b?
5
What is the tens digit of 35 + 2/(-4)*2?
3
Let o(m) = -2*m + m**3 + 0*m**3 - 4*m**3 + m. What is the units digit of o(-1)?
4
Let t(w) = 5*w + 9. Let b(j) = -5*j**3 - j - 2. Let r be b(-1). What is the tens digit of t(r)?
2
Let v(q) = 5*q**3 + q**2 - 1. Let d be ((-2)/4)/(4/(-8)). Let p be v(d). Suppose p*y + 33 = 4*n, -4*y - 12 = -n